 of q and z.
14
Let j(o) = -o**3 + 11*o**2 - 15*o - 3. Let p be j(9). Suppose 385 = -3*i + 85. Let g be 1/(i/(-24) + -4). What is the greatest common factor of g and p?
6
Let k(d) = 16*d + 9. Let o be k(2). Suppose 0 = -11*y + 12*y - o. What is the highest common divisor of 656 and y?
41
Suppose h - h = h. Let j(c) = -6*c + 238. Let d be j(h). What is the greatest common divisor of 34 and d?
34
Let b = -1464 + 2136. What is the highest common divisor of 14 and b?
14
Let i(s) = 2*s - 14. Let n be i(9). Let y(t) = -52*t + 9. Let c be y(n). Let x = -111 - c. Calculate the greatest common divisor of 8 and x.
8
Let w be (-364)/(-13)*(-1 + 45/10). Calculate the greatest common divisor of 49 and w.
49
Suppose -11 - 88 = -3*h. Suppose -27*g - 44 = -29*g. Suppose -5*w = -4*w - g. What is the highest common divisor of w and h?
11
Suppose -42*y = 3*z - 34*y - 2994, 3*y - 2979 = -3*z. Calculate the greatest common factor of z and 110.
110
Let i = 18 - 22. Let d be (1155/14)/(-3)*i. What is the greatest common divisor of d and 50?
10
Suppose 3*h = 2*z - 25, 2*h = 3*z - 64 + 19. Calculate the highest common factor of z and 1921.
17
Let k(p) = 12*p**2 + 183*p + 636. Let y be k(-54). What is the highest common divisor of y and 42?
42
Let o(u) = 10*u**2 + 235*u - 1473. Let d be o(6). Calculate the highest common factor of d and 55.
11
Let g = -299 + 359. Let y = 39 - -46. Suppose -5*i - 3*a = -y, -4*a = 5*i - 0*a - 80. What is the highest common factor of g and i?
20
Let r(o) = -2032*o - 1840. Let k be r(-1). Calculate the highest common divisor of 39 and k.
3
Suppose 5*f - 5 = 0, 4 = 3*y - 5*f + 3. Suppose y*j + 3*j - 25 = 0. Suppose -j*n + 604 = -221. Calculate the greatest common divisor of 15 and n.
15
Let h be (7/((-189)/(-240)))/(12/108). What is the greatest common factor of h and 14096?
16
Suppose 6*g - 3*g + 2*m - 15 = 0, 4*g - m - 9 = 0. Suppose 4*f - 65 = -a, 2*a + g*f = -a + 213. Calculate the highest common divisor of a and 949.
73
Let u be 50/(-4)*(30/25)/(-3). Suppose -i - u*z = -0*z + 19, -5*z - 25 = 0. What is the highest common divisor of 9 and i?
3
Suppose 54*h - 104*h - 2145 = -61*h. What is the greatest common divisor of h and 130?
65
Let w be (4/(-14))/((-7)/98). Suppose w*z - 3*z - 13 = 0. Calculate the greatest common divisor of 65 and z.
13
Let l(m) = -27*m + 14. Let j(u) = -u - 1. Let y(b) = -4*j(b) - l(b). Let c be (-5)/2*(-24)/10. Let r be y(c). What is the greatest common factor of r and 22?
22
Let a be 1*-3 - 207/(-3). Suppose 11*u = 50*u - 780. Let l be -165*(20/(-16) + 5/u). What is the highest common factor of l and a?
33
Let l(o) = -o**3 + 5*o**2 + 15*o + 4. Let k be l(7). Suppose k*i - 23*i = -312. Calculate the highest common factor of 208 and i.
26
Let j be ((-99)/(-36))/11 + (-2)/8. Let x be j + -1 - (-66)/(-6 - -7). What is the greatest common divisor of x and 13?
13
Suppose 0 = 9*b - 302111 + 6355 + 24325. Calculate the highest common factor of b and 27.
27
Let r be (-204)/30*225/(-18). Calculate the greatest common divisor of 289 and r.
17
Let c(p) = p**3 - 8*p**2 - 79*p + 6. Let x be c(-5). Calculate the greatest common factor of 1634 and x.
38
Suppose 3*p - 36 = p. Let h be 3/4 + p/(-24). Suppose h = g + g - 128. Calculate the greatest common divisor of 32 and g.
32
Suppose -110 = -5*a + 2*o - 6*o, 0 = 2*a + 2*o - 44. Let c = 32 - a. Suppose -127 = -14*x + 153. What is the greatest common divisor of x and c?
10
Let s(y) = 49*y**2 - y - 1. Let h = -2 - -1. Let p be s(h). Let m(x) = 2000*x + 22539. Let d be m(-11). What is the highest common divisor of p and d?
49
Let r(n) = n**3 + 21*n**2 - 5*n + 19. Let g be r(-21). Let j = g - 84. What is the greatest common divisor of j and 120?
40
Suppose 33*n = -1392 + 46630 + 44159. What is the highest common factor of n and 189?
63
Let h be -5*1*(-2)/(-15)*-3. Let s be (-2)/(-2) + 30/(-75)*-5. What is the greatest common divisor of s and h?
1
Let a = 6242 + -6074. What is the greatest common divisor of a and 5901?
21
Let k be 3/(60/1148) + (-4)/10. Suppose -5*u + 70 = 2*v, 2*u - 7*v + 2*v = k. Let z be -4 + 2456/36 + 4/(-18). Calculate the highest common divisor of z and u.
16
Let f = -60696 + 60726. Let t = 59 + -14. Calculate the highest common factor of t and f.
15
Suppose 435 = -307*h + 310*h. Calculate the highest common divisor of h and 3335.
145
Suppose -13*d + 300 = 7*d. Let o be 57/6 + d/10. Suppose 0*x = x - 88. Calculate the greatest common factor of x and o.
11
Suppose 667 = -2766*d + 2789*d. Calculate the greatest common factor of d and 15283.
29
Suppose 180 = -5*b + 5*c, -2*b + 0*c = c + 78. Let a = -2401 - -2463. Let m = b + a. What is the highest common divisor of m and 48?
24
Let l = -96 + 120. Let u(w) = -2*w**2 - 10*w + 3. Let m be u(-5). Suppose -180 = -m*p - 2*p. Calculate the highest common divisor of p and l.
12
Suppose -870 = -5*q + 5*y, -62*y + 564 = 3*q - 58*y. Let n(l) = 3*l**2 - 6*l. Let f be n(5). Calculate the greatest common factor of f and q.
45
Let u be (8/(-7))/(1880/(-3290)). Calculate the greatest common factor of u and 948.
2
Let b(o) be the third derivative of o**4/12 + 145*o**3/6 - 29*o**2 - 3*o. Let n be b(-42). What is the greatest common factor of 61 and n?
61
Let a(n) = 2*n**2 + n - 45. Let z be a(8). Let f be (-930)/(-24) - (-1)/4. What is the greatest common divisor of f and z?
13
Suppose 9*m + 3943 + 9215 = 0. Let d be m/(-18) + 36/(-162). Let u = -57 + d. Calculate the highest common divisor of u and 6.
6
Let n(q) = -q. Let s(t) = 4*t + 13. Let y(a) = 5*n(a) + s(a). Let k be y(5). What is the greatest common divisor of k and 68?
4
Suppose 3*a + m = 1783, 8*a - 4*a + 2*m - 2374 = 0. Suppose -604 = -15*s + a. What is the highest common factor of s and 5?
5
Let j(t) = -t**2 - 2*t + 100. Let p be j(-10). Let i = 44 - 24. What is the highest common factor of p and i?
20
Suppose 3*l + 8*v + 9 = 5*v, 18 = -l - 4*v. Let c = 117 - 23. What is the highest common divisor of c and l?
2
Suppose 3*k + 1652 = -o + 5*o, 0 = -k. Let f = o + -377. Calculate the highest common factor of f and 4.
4
Let i be 1140/(-75)*(-6 + (-18)/12). What is the greatest common factor of 152 and i?
38
Let d(t) = -t**3 + 5*t**2 + 12*t - 54. Let i be d(5). Calculate the greatest common divisor of 46 and i.
2
Let r = 20071 - 20064. What is the greatest common divisor of 581 and r?
7
Let g = 4526 - 3758. Calculate the highest common factor of g and 312.
24
Let c be (51/12*(-40)/6)/(10/(-3930)). Calculate the highest common divisor of 170 and c.
85
Let r be 20 + -10526*(-5)/2. What is the greatest common factor of r and 115?
115
Let i be ((6 - 0) + -4)/(2*-1). Let g be 6/(-12)*250 + i + 0. Let b = 206 + g. What is the highest common factor of 32 and b?
16
Let z = -5518 - -8219. What is the greatest common factor of 73 and z?
73
Suppose 104 = 2*g - 160. Let i be 174/(-116)*(440/12)/5*-16. What is the highest common divisor of i and g?
44
Let a be (-2)/(8/14 + 27/(-63)). Let o = a + 16. Suppose 5*r + 81 = o*u, 5*u - 170 - 25 = 5*r. Calculate the greatest common divisor of 95 and u.
19
Let r be (-1 - -1) + -1 + -33. Let x = 48 + r. Let k be (10/45 + 5124/756)/(2/6). Calculate the greatest common factor of k and x.
7
Let x(k) = -2*k**2 + 46*k - 35. Let d be x(22). Suppose -240 = f - d*f. Calculate the highest common factor of f and 50.
10
Let b be (220/25 + -7)/(0 - (-1)/215). Calculate the highest common factor of 45 and b.
9
Let h be 567 + -3 - (-12)/(-4). What is the highest common divisor of 132 and h?
33
Suppose -2*k + 336 = -3*w, 4*k - 5*w - 922 = -246. Suppose -90 = -22*a + k. What is the highest common divisor of a and 44?
4
Let b(m) = -647*m - 6402. Let u be b(-10). Calculate the greatest common factor of u and 2006.
34
Let g = -7 + 13. Suppose 3*w + 0*w - g = 0. Let x be (-2)/(-2) + (0 - -1). Calculate the greatest common divisor of w and x.
2
Let m be 3196/(-470)*(-10)/4. What is the greatest common factor of 1938 and m?
17
Let j(w) = -w + 6. Let c be j(1). Suppose -2*l + 312 = c*g, -g + 5*g + 3*l = 251. Suppose -6*k = -418 - g. Calculate the greatest common factor of 32 and k.
16
Suppose 5*j + 22 = -3*h, -2*h + 19 + 3 = -4*j. Let y(v) = -h + 2*v**2 + v - v**2 + 2*v + 0. Let d be y(-7). Calculate the highest common factor of d and 9.
9
Suppose 5*b - 5*y - 23 = 